-91. Calculate the greatest common factor of j and 20.
20
Let b(p) = -10*p + 1. Let g be b(-1). Let r = g + -3. Calculate the highest common divisor of 72 and r.
8
Suppose 3*g - 17 = 2*u, 4*u - 3*g - 6 + 25 = 0. Let h be u*(-3 + -9 + -3). What is the highest common factor of h and 15?
15
Suppose 0*q + 3*q = 0. Let b be -2 + (-14)/(q + -2). What is the highest common divisor of 20 and b?
5
Suppose 1260 = -7*f + 16*f. What is the greatest common factor of 28 and f?
28
Let t = 77 - 71. Calculate the highest common divisor of 6 and t.
6
Suppose -25 = -5*k, 7 = -4*c - 2*k - 11. Let y(p) = p**3 + 7*p**2 - p + 8. Let x be y(c). What is the highest common factor of x and 6?
3
Let j = 87 - 86. Suppose 3*y = 3*b + 8*y - 1, 3*b = 3*y + 33. What is the highest common factor of j and b?
1
Let n(s) = s - 6. Let u be n(6). Suppose -3*a + 820 = 2*b - u*b, 5*a = 4*b + 1352. Let f be a/10 - 2/10. What is the highest common divisor of 3 and f?
3
Let r be -1 + 4 + (2 - 0). Suppose -7*g + r*f - 128 = -3*g, -16 = -4*f. Let o = g + 83. Calculate the highest common divisor of 7 and o.
7
Let v = 50 - 4. Let t = v - 25. Calculate the greatest common factor of 147 and t.
21
Let c = -8 - -61. Suppose -82 = -5*g + c. Calculate the greatest common divisor of 3 and g.
3
Let b = -3 + -1. Let n be (0 + (-48)/10)*5. Let p be n/(2/b - 1). What is the highest common factor of p and 4?
4
Suppose -102 = -6*o - 0*o. What is the greatest common divisor of o and 187?
17
Let q(a) = -4*a**2 - 29*a + 3. Let t be q(-7). What is the greatest common divisor of 10 and t?
10
Suppose c + 3*c - 5*g + 45 = 0, 2*c + 2*g = 0. Let n be -1*(2 - 0) - c. Let s = -29 + 50. What is the greatest common divisor of n and s?
3
Suppose 2*t = 3*p + 5*t - 84, 4*p - 3*t - 112 = 0. Suppose -3*f = -0*o + 2*o - 246, 4*o = 2*f - 180. What is the highest common factor of f and p?
28
Let d(g) = 2*g - 3. Let x be d(3). Suppose x + 5 = 4*u. Let r be u/4 + 63/2. What is the greatest common divisor of 48 and r?
16
Let b(u) = -u - 4. Let z be b(-5). Suppose -s = 2*f - 9, -3*f = -3*s + 17 + z. Calculate the highest common factor of s and 35.
7
Suppose 11 = 4*z - 5. Suppose -21 = -s - 3*j, 0 = z*s - 0*s - 4*j - 52. Let w = s + -9. Calculate the highest common divisor of 30 and w.
6
Suppose -3 = -u + 3*g, 2*g + 49 = 5*u + 4*g. Calculate the highest common divisor of 207 and u.
9
Let g be (1 - 61/(-5))*(-105)/(-14). Calculate the highest common factor of 11 and g.
11
Let r(n) = n - 1. Let m be r(3). Suppose -4*v + 2*i = 4*i - 256, v + m*i - 58 = 0. Calculate the greatest common factor of 22 and v.
22
Let z(c) = -c - 3. Let h be z(-8). Let w(d) = -50*d**3 - d**2 - d. Let t be w(-1). Calculate the highest common divisor of t and h.
5
Suppose 3*f - p = 100, 4*p = f + 5*p - 28. Suppose -45 = 3*d + i + 2*i, -45 = 3*d + 4*i. Let v = d + f. What is the highest common divisor of 153 and v?
17
Let f(b) = -55*b - 23. Let v be f(-5). Calculate the highest common factor of 42 and v.
42
Let p be (-5974)/(-8) + 9/(-12). Suppose 0 = 4*u - 5*f - p, 0 = u + u - 3*f - 372. What is the highest common factor of 21 and u?
21
Suppose 17*n = 14*n + 30. Calculate the greatest common factor of 10 and n.
10
Let g = -12 + 52. Let c(f) = f**3 - 5*f**2 - 8*f + 4. Let l be c(6). Let z = 13 + l. What is the highest common factor of z and g?
5
Let j be ((-26)/(-4))/((-8)/(-32)). What is the greatest common divisor of j and 78?
26
Let a(q) = -q**2 + 9*q + 22. Let b be a(9). What is the greatest common factor of 2 and b?
2
Suppose 3*b = -4*y + 140, b = -3*y + 3*b + 88. Suppose -2*q - y = -4*q. Calculate the highest common divisor of 8 and q.
8
Suppose 5*k + 5*b - 323 = 52, 5*b = 25. Let h(t) = 2*t**2 - 5*t + 4. Let c be h(3). Calculate the greatest common divisor of k and c.
7
Suppose 5*c - 18 = 42. Let r(y) = y**2 - 8*y + 15. Let l be r(11). What is the greatest common divisor of l and c?
12
Let x(k) = 3*k**3 + 2*k**2 + 4*k - 9. Let g be x(4). Calculate the highest common divisor of 21 and g.
21
Suppose -x + 9 + 30 = 3*y, -4*y = x - 40. Suppose -2*w = 2*w - x. Suppose -f = -1 - 2. Calculate the highest common factor of w and f.
3
Let t(i) = i**3 + 6*i**2 - 8*i + 5. Let l be t(-7). Calculate the greatest common divisor of 3 and l.
3
Let n be 2/(-8) - 34/(-8). Suppose -n*t = -5*t + 2. Let f = 0 + t. What is the highest common factor of 16 and f?
2
Let u be (3*11)/(6*(-6)/(-36)). Suppose 55 + 638 = 3*w. Calculate the greatest common factor of w and u.
33
Let t(i) = i**3 + 5*i**2 - 10*i - 7. Let u be t(-7). Suppose -3*k = -m - 60, -4*m + 2*k - 240 = k. Let c = u - m. What is the highest common divisor of c and 5?
5
Let n(x) = 3*x - 26. Let u be n(17). Calculate the highest common divisor of u and 15.
5
Suppose -2*w + 267 = 5*s - 114, 0 = -w - 3*s + 189. Calculate the highest common divisor of 22 and w.
22
Suppose 159 = 2*h - 401. Suppose 71 = y + 4*a + 15, 3*a = -5*y + h. What is the highest common divisor of y and 14?
14
Suppose 2*b + 5*t + 9 = 0, -b - 4*t + 5*t + 6 = 0. What is the greatest common factor of b and 12?
3
Let j(y) = -9*y + 16. Let h be j(-17). Suppose -3*z = -h + 4. What is the greatest common factor of z and 22?
11
Let u = -8 + 10. Suppose -3*c + 20 = -7*c, u*c - 54 = -i. What is the greatest common divisor of i and 8?
8
Let m be 12 - (0 + -1)*2. What is the highest common divisor of 126 and m?
14
Suppose 2*g - 118 + 38 = 0. Suppose -5*l + 16 + 4 = 0. What is the greatest common factor of g and l?
4
Let q be 0 - 2/14 - 165/(-77). What is the highest common factor of q and 8?
2
Let h be -21*((-3)/9 + 0). Suppose -b + h + 14 = 0. Calculate the greatest common divisor of 14 and b.
7
Suppose -24 = -3*s + 4*q - 6, 33 = 3*s + q. Let f be s/(-14) - 6/21. Let m be f/(0 + 1/(-18)). Calculate the greatest common divisor of m and 9.
9
Suppose 3*y - 2*i = -0*y - 36, 5*y + 60 = i. Let p = y - -31. What is the highest common divisor of 171 and p?
19
Suppose -r + 96 = 11. Suppose -2*z - 3*z = -r. What is the greatest common divisor of z and 34?
17
Let u(q) = -q**3 - 2*q**2 + 2. Let y be u(-2). Suppose -3*i + 2*p = -10, i + 0*p - 8 = -4*p. What is the greatest common divisor of y and i?
2
Let q(p) = -p**2 - 5*p. Let o be q(-4). Let l(g) = -g**3 + 4*g**2 - g + 1. Let t be l(o). Let u = t - -11. Calculate the highest common factor of 12 and u.
4
Suppose v = -5*v + 990. Suppose -5*q = -q. Suppose 4*x - 5*l - 60 = q, -15 = 3*x - 4*x - 2*l. Calculate the highest common factor of x and v.
15
Suppose -5*o - 4*m = 15 + 14, o + 3*m = -8. Let s(w) = w**3 + 6*w**2 + 3*w + 1. Let f be s(o). What is the highest common divisor of 44 and f?
11
Let p be (-196)/(-2) + (-8)/4. Suppose w - p = -3*w. What is the greatest common factor of w and 3?
3
Let n(a) = -2*a + 3*a**2 + 6*a**2 - 3*a**2 - 1. Suppose -5 = 5*f + 3*j, j = -2*f - j - 2. Let i be n(f). Calculate the greatest common factor of 14 and i.
7
Suppose 0 = -12*a + 15*a - 162. What is the highest common factor of 135 and a?
27
Let z(n) = -6*n - 11. Let q(j) = -j - 1. Let c(s) = -2*q(s) + z(s). Let f be c(-6). What is the highest common factor of f and 10?
5
Suppose 102 = -12*d + 15*d. What is the greatest common divisor of 34 and d?
34
Let d be (-8)/(-10)*(-15)/(-2). Let r = d - 5. Suppose 3*f - 10 = -2*f. What is the highest common divisor of f and r?
1
Let w be (-14)/(-6) - 4/12. Let y(j) = j**2 + 3*j - 2. Let k be y(3). Calculate the highest common divisor of w and k.
2
Let z be ((-524)/8)/((-2)/4) + 1. Calculate the greatest common divisor of z and 12.
12
Suppose 34 = -o + 3*o. Calculate the highest common divisor of 85 and o.
17
Let p(g) = -g + 1 + 6*g**2 + 2*g + 2*g**3 - g**3. Let z be p(-5). Suppose 23 = 6*h + 5. Calculate the highest common divisor of h and z.
3
Let p be (72/(-30))/(2 + (-2206)/1100). Calculate the highest common divisor of 11 and p.
11
Let g = 8 - 5. Suppose g*j - j - 133 = -3*i, 2*j = -5*i + 223. Suppose 0*k = k + 5*c - 4, -31 = -4*k - 5*c. What is the greatest common factor of i and k?
9
Let h(y) = 1 + 1 + y**2 - 7*y + 0 - 1. Let x be h(8). Calculate the greatest common divisor of 6 and x.
3
Let f be 1 + 1 + (-388)/(-4). Suppose 4*k - 1 = 11. Suppose -k*b = -0*b - 2*x - 35, -3*b = -x - 34. Calculate the highest common factor of f and b.
11
Let s(q) be the first derivative of 4*q**3/3 - q**2